e -21 - -20 - (2 - 5).
2
Evaluate -3 + -3 - ((-11 - -7) + 0).
-2
Calculate -1 + -1 - (-7 - (14 + -13)).
6
What is the value of (0 - 0) + -5 + 7?
2
What is the value of (-4 - -1) + 13 + -3?
7
Calculate 1 + -3 + 2 + -1.
-1
Calculate (2 - 2) + -44 + 42.
-2
-11 + (-8 - -11) - -5
-3
Calculate 21 - 15 - (1 + -1).
6
What is 4 - (5 - (-3 + -2 + 2))?
-4
Calculate 4 - (20 + -11 + -6).
1
(-4 - -3 - 7) + 4
-4
(-7 - -11) + -5 - (-3 + -2)
4
Calculate -1 + -2 + 0 + 1 + -2.
-4
-14 + 11 + 3 + (1 - 0)
1
(5 - 5 - 4) + (3 - 1)
-2
What is -1 - (1 + 6 + -4) - 0?
-4
What is the value of 7 + -3 + 8 + -19 + 16?
9
What is the value of (3 + -10 - 0) + 5?
-2
What is 3 - (-9 - -5) - 4?
3
What is the value of (-107 - -102) + (3 - (2 + -3))?
-1
What is (-6 - 0 - -3) + 3 - 0?
0
What is the value of -1 + -5 - (79 - 79) - 0?
-6
Evaluate -2 - (-14 - -6 - -4).
2
What is the value of -6 - (1 + -2 + -3 + 0)?
-2
What is (-4 - -1) + -4 + 8?
1
2 - (-3 - (-4 + 3))
4
(3 - (2 + 5) - -2) + -1
-3
What is (3 - (4 + 2 + -1)) + 1?
-1
Calculate 3 - 1 - (-10 + 13).
-1
Evaluate -2 - (-2 - (-6 + 3 + -1)).
-4
What is -4 - (3 - 7 - 5)?
5
Calculate -13 - (0 - (-9 - -20)).
-2
What is the value of (-8 - -15) + (1 - 1 - 3)?
4
What is -22 + 27 - (1 + 7)?
-3
What is 1 + 4 + -1 - 4?
0
-29 - -31 - (-1 - (-1 - 3))
-1
Calculate -7 - (-3 + -5 - 3).
4
Calculate (-14 + 10 - (-10 + 2)) + -1.
3
Calculate (-4 - -2) + 0 + (8 - 10).
-4
What is the value of 4 + -10 - (-1 + 2) - 0?
-7
Calculate (3 - -4) + -16 - -5.
-4
(-3 + -5 - -2) + (-1 - -6)
-1
Calculate 38 - 36 - (2 - (0 - -5)).
5
Evaluate -7 + 10 - (2 + 0).
1
(2 - 1) + (7 - (9 + -2))
1
Evaluate -5 - 0 - (-6 + -7 - -6).
2
Calculate 5 + 3 + (6 - (19 - 6)).
1
(-3 + 3 - 6) + (2 - -1)
-3
What is 2 + 11 + (0 - 7)?
6
What is (-4 - (-3 - 0)) + -1?
-2
Calculate -1 - ((-5 - -12 - 5) + 1).
-4
What is the value of 1 - ((-1 - 1) + 1 + 2)?
0
Evaluate 1 - 6 - (3 + -6 - -1).
-3
5 + -10 + 10 - 1 - 4
0
2 + 1 + (1 - 9) - 1
-6
What is the value of 7 + -14 + 9 - 1?
1
Calculate -6 - (-15 + -3 + 10 + -1).
3
(-7 - -7 - -1) + 3
4
Calculate 2 - (11 - 6 - 8).
5
Calculate (-11 - 5) + 3 + (-1 - -5).
-9
Calculate (-5 - (-7 + -7)) + -2 + 0.
7
What is the value of (-13 - (3 + -14)) + 3?
1
What is 3 - (-6 - (-17 - -6))?
-2
What is the value of -3 - (-13 - 0 - -5)?
5
What is -2 + (0 - (-2 + 5))?
-5
What is (24 - 32) + 0 + -2 + 1?
-9
2 + -4 + 16 + -8 + -11
-5
Evaluate (-8 - -9 - 6) + 8.
3
-2 + (-3 - -6 - (3 + -1))
-1
Calculate 10 + -7 + 4 + -4 + -6.
-3
What is the value of 10 + (5 - 14 - 6)?
-5
Evaluate -20 - -17 - (0 - 3).
0
Evaluate (4 - 0) + -2 + 4 + -1.
5
Evaluate 4 - (-9 - -9) - 8.
-4
Calculate 0 + (-4 - -9) + -4.
1
Evaluate -11 + (-3 - (-3 - (6 - 1))).
-6
Calculate 3 + (3 - 0 - (-1 + 8)).
-1
Calculate 38 - 35 - (-1 - -9).
-5
What is 3 + (-3 - (-2 - -2))?
0
-4 + 4 + -4 - -7
3
What is -1 - (-5 - (0 + -5 + -3))?
-4
What is (9 - 8 - 2) + -2?
-3
What is -8 + 9 - (0 - -2)?
-1
What is 1 - 0 - (-5 + 5) - 0?
1
Evaluate -2 + 2 + (3 - (0 - -2)).
1
-5 + -1 - 0 - -5
-1
What is the value of 1 - -5 - (2 + 2) - -1?
3
Evaluate (3 - 5) + 6 + -3.
1
-4 + (5 - (3 - -1))
-3
Calculate (4 + 0 - 5) + -4.
-5
Evaluate 0 + -3 - -4 - 0.
1
Evaluate 4 + 2 + -4 + 2.
4
Calculate -6 - (-6 - 0 - (-29 + 27)).
-2
8 + (-1 - -8 - 12)
3
Evaluate (2 + -5 - 1 - -3) + -4.
-5
What is (2 - 2) + (-2 - (6 - 4))?
-4
-19 + (11 - 3) + 8
-3
Calculate -8 + 5 + (0 - 4 - -2).
-5
Calculate (8 - 1) + -12 - -11.
6
What is the value of 7 + -2 - -1 - 3?
3
(-1 - 1 - 2) + (-1 - -2)
-3
What is the value of -3 - ((-2 - 3) + -3 + 4)?
1
What is 6 + -5 + (1 - -4) - 0?
6
Evaluate -2 - (1 - (1 + 5)).
3
What is the value of 2 - (4 + (5 - 3) + -4)?
0
-3 + (9 - 27) - -11
-10
What is 7 - 4 - 7 - (0 - 3)?
-1
10 + (-5 - -2 - (-1 + 2))
6
-2 + -1 + 0 - (0 - 2)
-1
What is 2 - (-4 + 7 + -5)?
4
Evaluate 1 + -2 - (0 - -11) - -1.
-11
Calculate -2 - -4 - (6 - 3).
-1
What is -17 - -1 - ((11 - 5) + -13)?
-9
Calculate 3 + -7 + -2 + 8 + 3.
5
Calculate -8 - 0 - (37 - 41).
-4
What is the value of (3 + 1 - 5) + 2 + 4?
5
Calculate (2 - 4) + 1 + 4 + -1.
2
5 + (11 - (8 - -12))
-4
Calculate 1 + (0 - (-3 - -2)) + 2.
4
5 + -1 + -5 - (4 - 1)
-4
5 + (0 - 2) - 4
-1
What is the value of -11 + -2 + 9 - -5?
1
What is 6 + (2 - 9) - 1 - 2?
-4
-1 + (-2 - 0) + 0
-3
What is the value of 0 + (1 - 1) + -4?
-4
Calculate 5 + 6 + -21 + 9.
-1
What is the value of -3 - (-4 + -10 - -1)?
10
What is 5 + (8 - (7 + 5))?
1
Calculate -2 + (9 - -3) + -7.
3
9 + 0 - (14 - 1)
-4
What is -6 + (-4 - (12 + -20))?
-2
Calculate 14 + -15 + (1 - -5).
5
Evaluate (-6 - 1) + (-6 - (6 + -20)).
1
What is the value of 4 - ((8 - -2) + -2)?
-4
Evaluate -2 - (-5 + (1 - -3)).
-1
Evaluate 9 + (12 - 24) + 1.
-2
2 + -4 + 5 + -7
-4
Calculate -1 + (3 - (-7 + 12)) + 7.
4
Evaluate -4 + (7 - 7) + -2.
-6
Calculate -2 - ((2 - 2) + 3 + -8).
3
Calculate 9 - (-3 + 5 - 1).
8
What is the value of -2 - (0 - (-6 + 5))?
-3
Evaluate 6 - ((-5 - -5) + 1).
5
What is (-5 - -14) + -22 + 3?
-10
-4 + 4 + -3 + 4 + -3
-2
Evaluate (5 - 5) + 8 + -11.
-3
Evaluate -4 + (-8 - -10) - -1 - -2.
1
Calculate -5 + (-3 - 2) + 5.
-5
What is the value of 4 + (1 - (-4 - 4) - 7)?
6
What is the value of 1 + (-2 + 3 - 2 - 1)?
-1
What is 0 + (-4 - -8 - 6)?
-2
What is 6 - (-16 - -7 - -11)?
4
Calculate -13 + (3 - -11) + 3.
4
Evaluate -17 + 16 - (-5 + 0).
4
Evaluate (-3 + 0 - -5 - 2) + -4.
-4
What is the value of 7 - (1 - (7 - 9)) - 8?
-4
Evaluate -2 + -2 + (-15 - -14).
-5
What is -2 + 1 + -1 + 3?
1
Evaluate (-58 - -56) + (3 + -1 - -4).
4
What is the value of (4 - 1) + -1 + (-2 - 0)?
0
Calculate 0 - 1 - (-19 + 16).
2
Calculate 2 + 1 + 0 + -1 - 2.
0
What is 4 + -1 + -1 - (50 - 52)?
4
What is 0 + -2 + 3 + 1 + -4?
-2
Calculate 2 - (1 + (1 - (-3 + 1))).
-2
What is the value of (-23 - -9) + 35 + -11?
10
What is the value of -7 - (-10 + 1 - 3)?
5
What is the value of 2 - (5 - (2 + -3))?
-4
Evaluate (-1 - -9) + -4 - (6 - 1).
-1
What is 4 + 1 + -2 + -6?
-3
Evaluate 5 - ((1 - 2) + 6) - 4.
-4
What is (0 - 0) + -8 + (9 - 1)?
0
Calculate 110 - 105 - (1 - (-2 + -10)).
-8
-11 + 3 + (-1 - -4)
-5
Calculate (9 - (2 + -1 + 3)) + -5.
0
Evaluate 1 - ((-7 - -6) + -1 + 2).
1
-4 - (1 + (3 - 4) - 2)
-2
11 + 6 + (-21 - -8)
4
Evaluate (-8 - -8) + (-7 - (-4 + 2)).
-5
What is 9 + (0 + -3 - 3)?
3
Calculate -1 + 0 + -1 - (-24 + 22).
0
(-7 - -9) + (2 - -1) - 4
1
Evaluate 6 - ((-11 - -6 - -4) + -1).
8
Evaluate 0 + -1 + 0 + (-1 - -7).
5
What is the value of -7 - (3 + -7 - (3 - 6))?
-6
0 - -2 - (-23 + 14 + 4)
7
What is the value of -2 + 1 + (13 - (0 - -8))?
4
Calculate -12 - -3 - -18 - 9.
0
Calculate -3 + 3 + -4 + (8 - 0).
4
Evaluate 6 + -1 - (43 + -40).
2
Evaluate -7 - (-11 - (-11 + 10)).
3
Evaluate 10 - 9 - (-2 + 5) - 0.
-2
What is -4 - (1 + (0 - -3 - 5))?
-3
Calculate (2 - -3) + -7 + 0.
-2
26 - 30 - (0 + 1) - -1
-4
6 - (1 - (5 + -11 + 5))
4
Calculate (-1 - 13) + 0 + 2 + 3.
-9
Evaluate (5 - (11 + -5)) + 0 + -1.
-2
What is (2 - -2) + -6 - -8?
6
Calculate -1 - (2 + (-6 + 1 - 0)).
2
What is 9 - 9 - (4 - 1) - -5?
2
What is the value of -18 - (-14 + 2 + 4)?
-10
(1 + 5 - 5) + -1 + 3
3
What is 0 + -2 + 5 - (-14 + 7)?
10
What is 8 + -5 + 1 - 2 - -2?
4
(-8 - -4) + 5 + (-1 - 3)
-3
Calculate -7 + (2 - (-4 + 1)) - -6.
4
Calculate (-1 - -1) + 13 + -18 + 10.
5
1 + 4 + -2 - 4
-1
What is (4 - (-4 + 3 + 5)) + -2?
-2
Evaluate -7 + -8 + 4 + 9.
-2
Evaluate (0 - -3 - 2) + (-4 - -1).
-2
Calculate 26 - 26 - (4 - 2) - -7.
5
What is the value of (1 - -8) + (-10 - -6)?
5
What is 2 + -16 + 20 + -1 + -1?
4
What is (8 - (-5 - (-5 + -3))) + -10?
-5
Evaluate 3 + -4 - 0 - -1.
0
(-5 - (-8 + -1)) + -1
3
6 - (7 - 4) - -2
5
What is 2 - (-1 - (-1 - 2))?
0
Evaluate (-4 - (0 - -1)) + (0 - -1).
-4
Calculate 1 + 0 + 0 + (39 - 38).
2
What is the value of 13 - 7 - (1 - 0)?
5
-11 + (-1 - (-5 - 2))
-5
What is the value of 2 + (3 - 5 - -2) + 0?
2
Calculate 6 - -1 - (-4 + 7 + 1).
3
What is the value of (-3 - -1) + 6 + -7?
-3
4 + 1 + 0 - (73 + -67)
-1
-17 + 8 - -11 - (-2 + 1)
3
What is the value of (-6 - (-14 + (1 - -6))) + 8?
9
What is 2 + -2 + 7 - 12 - -2?
-3
What is the value of 4 + -4 + -2 + -3?
-5
Evaluate (2 - 2) + 12 + -13.
-1
Evaluate 2 - -4 - (-2 + 3 - -3).
2
-9 + 5 + 0 + 5
1
What is -3 + (-1 - -5) + -5 + 0?
-4
What is the value of (35 + -31 - (6 - -1)) + 5?
2
3 + (4 - ((-4 - -1) + 17))
-7
2 + 7 + 1 + -4
6
Calculate 1 - (2 + 0) - -2.
1
Evalua